324?
110004
In base 5, what is 11 - 41221204?
-41221143
In base 15, what is 7b8 + 0?
7b8
In base 10, what is 26630 - -19?
26649
In base 4, what is 222210013 + 0?
222210013
In base 15, what is 7be23a - -2?
7be23c
In base 2, what is 1011010101 + -1000000?
1010010101
In base 7, what is 5216 + -2023?
3163
In base 10, what is 705 + -107?
598
In base 16, what is 0 - -2e91?
2e91
In base 9, what is 104237 + 0?
104237
In base 9, what is -5 - -2887605?
2887600
In base 12, what is -332b468 - 2?
-332b46a
In base 5, what is -3030030 + 0?
-3030030
In base 7, what is -12652405 - 2?
-12652410
In base 13, what is 563a + 4?
5641
In base 5, what is -2413104 + 3?
-2413101
In base 4, what is -12 - 1221302?
-1221320
In base 8, what is 1360 - 11511?
-10131
In base 6, what is 14502 - -21?
14523
In base 11, what is -41401a + 0?
-41401a
In base 3, what is -100 + 10212020?
10211220
In base 6, what is -1 + -34334?
-34335
In base 11, what is -5 + -1667?
-1671
In base 11, what is -2958 - 17?
-2974
In base 10, what is 27979 + -14?
27965
In base 6, what is -24 - 2001423?
-2001451
In base 2, what is -1001100011110000 - 11?
-1001100011110011
In base 5, what is -3 - 114242?
-114300
In base 14, what is 4271 - -1?
4272
In base 9, what is -8326 - -4?
-8322
In base 6, what is -2 - 52103?
-52105
In base 12, what is 13880 + -1?
1387b
In base 7, what is -1332 - 126?
-1461
In base 12, what is -219 - 1b?
-238
In base 14, what is -368660 - 5?
-368665
In base 2, what is 1000101011000000000 - 0?
1000101011000000000
In base 7, what is 244 - -20131?
20405
In base 5, what is 10 - -21301144?
21301204
In base 14, what is b + 29b4d?
29b5a
In base 8, what is 6462 - 1256?
5204
In base 14, what is 37 + -530?
-4d7
In base 7, what is 20621 + 51?
21002
In base 12, what is -239886 + 4?
-239882
In base 8, what is -263 + 235?
-26
In base 14, what is 74 - 52?
22
In base 2, what is -101001010001001 + 110?
-101001010000011
In base 3, what is 10010 - 10222100?
-10212020
In base 16, what is 244d - 36?
2417
In base 8, what is 22 - -14672?
14714
In base 9, what is -1702 + -4?
-1706
In base 8, what is 40110 + -103?
40005
In base 13, what is -159a + 252?
-1348
In base 11, what is 48 - -507a?
5117
In base 8, what is -412454 + 5?
-412447
In base 12, what is 2a9 + -b91?
-8a4
In base 9, what is -417 + 207?
-210
In base 9, what is 374 + -1064?
-580
In base 10, what is 203 - 144?
59
In base 2, what is 111001011111 + -1?
111001011110
In base 11, what is -25 - a3a4?
-a419
In base 6, what is 5050 - 551?
4055
In base 2, what is -1000101000 + -11011001010?
-100011110010
In base 4, what is 3103 + 12131?
21300
In base 5, what is -31 - 11434112?
-11434143
In base 5, what is 14211 + -2010?
12201
In base 16, what is -16 + -2fe?
-314
In base 12, what is 1090 - 4a?
1042
In base 2, what is 11111000111001001 - 0?
11111000111001001
In base 13, what is 481406 + 1?
481407
In base 10, what is -956 + 101?
-855
In base 10, what is 12 + -896?
-884
In base 3, what is 100012110012 - 22?
100012102220
In base 3, what is -122 + -120201020?
-120201212
In base 11, what is 0 - -140a6?
140a6
In base 7, what is -16123 - -50?
-16043
In base 2, what is 110011011 + 1101110001?
10100001100
In base 16, what is 163 - 19?
14a
In base 7, what is 3545 + -16330?
-12452
In base 13, what is -14c4bb + 1?
-14c4ba
In base 14, what is a71 + -127?
948
In base 6, what is -10 + 140245?
140235
In base 6, what is -25413 + -42?
-25455
In base 7, what is -416350 - -1?
-416346
In base 15, what is -aac6e + 5?
-aac69
In base 2, what is -110111000001010001 - -1?
-110111000001010000
In base 8, what is -66 - 1317?
-1405
In base 5, what is 1 + 224214?
224220
In base 7, what is 41511 + -4?
41504
In base 7, what is -1526 - 23?
-1552
In base 15, what is 27a2 + 9?
27ab
In base 16, what is 585d - -6?
5863
In base 9, what is -27521 - 57?
-27578
In base 12, what is 104 - -1a?
122
In base 13, what is -4 - -381259?
381255
In base 7, what is 3105 + 402?
3510
In base 8, what is 17013 - 1?
17012
In base 2, what is -1 + -1011110111010001001?
-1011110111010001010
In base 15, what is -3968c3 + 4?
-3968be
In base 11, what is -597 - -144?
-453
In base 12, what is 456 + 489?
923
In base 15, what is -4 + 1189e?
1189a
In base 10, what is 1829 + 17?
1846
In base 15, what is 1 + -3bb6?
-3bb5
In base 10, what is -423875 + -1?
-423876
In base 8, what is 43 + -4?
37
In base 12, what is 3 + 7028?
702b
In base 11, what is -19 - 1a15?
-1a33
In base 14, what is 7c + 487?
525
In base 14, what is -153 + 51d?
3aa
In base 9, what is -135251 + 15?
-135235
In base 12, what is 212 + -435?
-223
In base 9, what is -26 + -5423?
-5450
In base 3, what is 212022 + -1220010?
-1000211
In base 13, what is -3 + -27c54?
-27c57
In base 11, what is 20 + 37086?
370a6
In base 10, what is -679 - -5?
-674
In base 9, what is -216 + 1455?
1238
In base 11, what is 950 + -11?
93a
In base 10, what is 175 - -44?
219
In base 11, what is 3123 + -249?
2985
In base 7, what is 24 - 4466?
-4442
In base 12, what is 11a1 - -531?
1712
In base 11, what is 4 + 32348?
32351
In base 3, what is 22101 + -2122?
12202
In base 13, what is b + -132?
-124
In base 14, what is -112 - -2db?
1c9
In base 15, what is -926 + -5?
-92b
In base 13, what is 4 - 17a5?
-17a1
In base 2, what is 111011010 + 11001001?
1010100011
In base 16, what is da + d95?
e6f
In base 9, what is 2312185 + -4?
2312181
In base 11, what is -1a - 1213?
-1232
In base 15, what is -42127 + -2?
-42129
In base 16, what is ac65 + 5?
ac6a
In base 3, what is -220 + -2000002220?
-2000010210
In base 8, what is -111 - 25217?
-25330
In base 12, what is 5 + -54804?
-547bb
In base 15, what is 11998 + 2?
1199a
In base 6, what is 22 - -12200?
12222
In base 15, what is -1c75a - 6?
-1c761
In base 2, what is -101100 + 10011111001011100?
10011111000110000
In base 12, what is -1a625 - 6?
-1a62b
In base 5, what is -43201 + -12?
-43213
In base 2, what is -1101100000 - 1000000101?
-10101100101
In base 10, what is -1 - 23617?
-23618
In base 16, what is 12 - 9ae7?
-9ad5
In base 12, what is -3 + 20baa?
20ba7
In base 5, what is -2211 - -3244?
1033
In base 2, what is -10101111010100 + 1000011?
-10101110010001
In base 11, what is -55 - 8470?
-8515
In base 3, what is 222021 + 12?
222110
In base 2, what is 0 - 100110001001010?
-100110001001010
In base 3, what is -2 - -10200122102?
10200122100
In base 3, what is 11002 - -1220?
12222
In base 6, what is -44051 - -3?
-44044
In base 4, what is -3103332 - -12?
-3103320
In base 16, what is c - 3ea2b?
-3ea1f
In base 10, what is -605327 + -2?
-605329
In base 15, what is 25c + -5c?
200
In base 10, what is 573 - -1979?
2552
In base 7, what is 605311 - 11?
605300
In base 16, what is 40 - -275?
2b5
In base 4, what is -1232112103 - 3?
-1232112112
In base 9, what is 18480 + 54?
18544
In base 15, what is 1ce - 23d?
-5e
In base 16, what is 4 + 22b8?
22bc
In base 11, what is -a7 - 2650?
-2747
In base 9, what is -5731 - 3?
-5734
In base 15, what is -4 + -3c25?
-3c29
In base 15, what is 599 - 265?
334
In base 15, what is 6 + 416d?
4174
In base 2, what is 110 - 1001000101100011?
-1001000101011101
In base 13, what is -1468628 + 1?
-1468627
In base 7, what is 2404 - -15?
2422
In base 16, what is 76c14 + 5?
76c19
In base 9, what is 127 + -4336?
-4208
In base 9, what is -206800 + 25?
-206764
In base 9, what is 14 + -2720?
-2705
In base 9, what is 4 + 60287?
60302
In base 13, what is -1cb61 + 6?
-1cb58
In base 7, what is -413640 - 2?
-413642
In base 5, what is 20034444 + 3?
20040002
In base 14, what is -619d7b + 1?
-619d7a
In base 4, what is -1032103 + 1020?
-1031023
In base 8, what is 73136 + -7?
73127
In base 5, what is 3344 - -2034?
10433
In base 4, what is -12112 - 110000?
-122112
In base 5, what is -13033 - 1?
-13034
In base 9, what is -1588 + -48?
-1647
In base 16, what is -7c - 342f?
-34ab
In base 8, what is 2 + -32223?
-32221
In base 5, what is -141102 - 22?
-141124
In base 2, what is -100 + -111001100010100010?
-111001100010100110
In base 10, what is -20 + 4006?
3986
In base 3, what is -110 - -220120?
220010
In base 16, what is 26 + -218?
-1f2
In base 9, what is 2 - 361506?
-361504
In base 10, what is 29272 + -4?
29268
In base 5, what is 10 - -423032?
423042
In base 3, what is -11 - -11111211?
11111200
In base 3, what is -10100221020002 - -11?
-10100221012221
In base 16, what is -779